 v + 17. Calculate the remainder when 32 is divided by f.
15
Suppose f - 3*r = 99, -3*f = 6*r - 2*r - 245. Calculate the remainder when f is divided by 15.
12
Let w = 37 + -26. Suppose 1 = 3*z + 7. Calculate the remainder when (-3)/z - 118/(-4) is divided by w.
9
Suppose -3*c + 4*b + 52 = -b, -25 = 5*b. Suppose j + j = 8. Suppose j*m - 6 = 62. Calculate the remainder when m is divided by c.
8
Let u = 2 + -12. Let q = -1 - u. Calculate the remainder when 28/1 - 2/1 is divided by q.
8
Suppose -25 = 5*b, 0 = 2*x - 3*b + 2*b - 23. Let j be (x/27)/((-2)/(-42)). What is the remainder when 9 is divided by (28/j)/((-2)/(-3))?
3
Let p(j) = 4*j + j**2 + 3*j - 4*j - 6. Let d(u) = -3*u**2 - 8*u + 18. Let m(i) = -3*d(i) - 8*p(i). What is the remainder when m(-5) is divided by 10?
9
Suppose -m + 19 = -0*m + 5*f, -8 = 4*f. Let x = -5 + 5. Suppose 4*r - 45 + 13 = x. Calculate the remainder when m is divided by r.
5
Let w = 15 - 8. What is the remainder when w is divided by 2?
1
Let d(t) = t**3 - 14*t**2 + 14*t - 29. What is the remainder when d(14) is divided by 12?
11
Let v = 1 - 3. Let s = 15 + v. Calculate the remainder when s is divided by 7.
6
Calculate the remainder when 284/16 - (-2)/8 is divided by 10/1*(1 + 0).
8
Let j = 0 - 0. Suppose j = r + 4*n - 35, -5*r = -3*n - 113 + 30. What is the remainder when (-1161)/(-21) + (-5)/(35/2) is divided by r?
17
Suppose -9 = a - 2*a. Calculate the remainder when (-1)/(-1 + (-24)/(-26)) is divided by 2 - -4 - (a - 8).
3
Let y = 6 + -7. What is the remainder when 5 is divided by 12/4*y/(-1)?
2
Suppose 21 = 5*c - 4*x + 5*x, -5*c - 4*x + 9 = 0. Suppose -2*k + 4 = 4*a, -2*k - c*a + 8 = 2*k. What is the remainder when 6 is divided by k?
0
Suppose -u + 2*z + 4 = -2*z, 5*u - 3*z - 54 = 0. Calculate the remainder when ((-23)/(-4))/(-1)*-4 is divided by u.
11
Let t(m) = -m**2 + 3*m + 5. Let i be t(5). Calculate the remainder when -4 - i - 6/(-2) is divided by 2.
0
Let u = 7 + -12. Let j = u + 17. Let o(k) = -5*k**3 - k**2 - 2. Calculate the remainder when o(-2) is divided by j.
10
Let t = -6 - -41. Suppose 8 = -z + t. What is the remainder when 106 is divided by z?
25
Suppose -5*d = -5 - 55. Calculate the remainder when 19 is divided by d.
7
Suppose j - 5*j = 0. Suppose 0 = -j*o - 5*o + 20. Suppose -29 = -5*f + 2*f - z, o*f + 3*z = 47. Calculate the remainder when 23 is divided by f.
7
Let c be (-19)/(-4) + 15/(-20). Suppose 0 = -2*t - c + 12. Calculate the remainder when 15 is divided by t.
3
Let b = 809 - 555. Suppose -2*o - b = -4*k, -4*k + 192 = -k - 2*o. Calculate the remainder when k is divided by 21.
20
Let o(g) = -g**2 + 10*g - 3. Let x be o(10). Suppose 0*y - 2*y - 4*d = -28, -5*y = d - 43. Calculate the remainder when 1/x - 273/(-9) is divided by y.
6
Let t(v) = -v**3 - v**2 - 2*v - 3. Calculate the remainder when 40 is divided by t(-3).
19
Suppose -t - 2 + 7 = 2*j, -2*j = -t + 17. Let y = 33 - t. Suppose -3*b - 2 = -5*f - 63, 0 = -5*f - 25. Calculate the remainder when y is divided by b.
10
Let p(l) = -l + 19. What is the remainder when p(6) is divided by 4?
1
Let z be (-7 - -16)*(-3)/(-1). Let f = z - 16. What is the remainder when 32 is divided by f?
10
Let u(j) = 2*j**2 + j - 2. Let n be u(2). Suppose 0 = 4*m - n*m + 88. Calculate the remainder when m is divided by 12.
10
Let n = -17 - -24. Let y(x) = x - 4. Calculate the remainder when n is divided by y(9).
2
Let q = 16 + -22. What is the remainder when 22 is divided by q/(-45) + 352/60?
4
Suppose 0 = 34*g - 33*g - 26. Calculate the remainder when g is divided by 10.
6
Suppose 36 = 2*c + 10*c. Calculate the remainder when 3 is divided by c.
0
Suppose 0 = -2*p - 3*p + 745. Let l = p - 65. Calculate the remainder when l is divided by 29.
26
Let v be (-2)/(-3)*45/5. Let p = -1 + v. Calculate the remainder when 14 is divided by p.
4
Let v = 2 - 4. Calculate the remainder when 2/(-3*v/171) is divided by 2/(-14) + (-424)/(-28).
12
Let i(r) = -r**3 + r**2 + 55. Let y be i(0). Suppose 14 + y = -3*v. Let j = -15 - v. What is the remainder when j is divided by 5?
3
Suppose 18 = 3*d - d. Calculate the remainder when 24 is divided by d.
6
Suppose -2*q + 3 = z, 51 = 2*z - 6*q + q. What is the remainder when 36 is divided by z?
10
Let k be (-16)/8 + 4*8. Suppose -3*v + k = -24. What is the remainder when 71 is divided by v?
17
Suppose q + q - 4 = -4*b, 3*b - 45 = -5*q. Suppose -4*k + 1 = 9, -5*s = 5*k - 20. Calculate the remainder when (-46)/(4*(-3)/s) is divided by q.
11
Let o(c) = -2*c**3 - 3*c**2 + 2. Let w be (-2 - -1) + 1 + -2. Suppose -5*k = 8*i - 4*i - 68, k = i - 17. What is the remainder when i is divided by o(w)?
5
Let g = 9 - 29. Let p = g + 33. Calculate the remainder when p is divided by 5.
3
Let u(f) = f**3 - 4*f**2 + 4*f - 1. Suppose -6*r = -9*r + 21. Calculate the remainder when r is divided by u(3).
1
Suppose 4*j - 5*f - 3 = 0, -3 = j + 3*f - 8. What is the remainder when 19 is divided by (j*-10)/(-11 + 9)?
9
Let f = 21 + -37. Let w = f - -27. Calculate the remainder when 32 is divided by w.
10
Suppose 3*w + 2 = 5*q + 34, -w + 4*q + 6 = 0. Calculate the remainder when w is divided by 9.
5
Let i(v) = v**2 + 4*v + 4. Let l be i(-5). Let c = l + 0. Calculate the remainder when 14 is divided by c.
5
Suppose 5*p - 124 = 3*d, 2*d + 100 = -3*p + 7*p. Let t = -16 + p. What is the remainder when t is divided by 3?
1
Suppose 12 = 4*c - 4. Let v = 25 - 20. Suppose -c*o - 4*k + k = -98, v*k - 68 = -3*o. Calculate the remainder when o is divided by 9.
8
Let p(l) be the second derivative of -l**5/20 + l**4/3 - l**3/2 + 5*l**2/2 - 4*l. What is the remainder when p(3) is divided by 4?
1
Let z = 5 + 0. Suppose 0 = -4*h - 2*r + 16 - 4, z*h + 3*r - 14 = 0. Calculate the remainder when h is divided by 2.
0
Let c = 1 - 2. Let z = -69 - -99. What is the remainder when z is divided by c/3 - 196/(-12)?
14
Let i(p) = p + 4. Calculate the remainder when i(12) is divided by 10.
6
Let p(n) = n + 3. Let d be p(-6). Let g = -1 - d. What is the remainder when 3 is divided by g?
1
Suppose -5*w = -f - 200, 5*f - 66 = 5*w - 286. Let k(s) = -8*s - 2. Let d be k(-3). What is the remainder when w is divided by d - (-1 - -3*1)?
19
Suppose 4 = -o + 2*o. What is the remainder when 34 is divided by (-27)/((-10)/o + 1)?
16
Suppose -34 = -3*x + 4*l, -3*l = 4*x - 9 - 78. What is the remainder when x is divided by 10?
8
Suppose 0*w - 5*l = -3*w - 8, 5*l = -3*w + 32. What is the remainder when w is divided by 3?
1
Let t(z) = z**2 + 7*z - 9. Let x be t(5). Suppose -m + x = 2*m. Calculate the remainder when 49 is divided by m.
15
Let s(a) = 5*a + 17. What is the remainder when s(4) is divided by 10?
7
Let s(w) = -2*w - 2. Suppose 7*l + 28 = 8*l. What is the remainder when l is divided by s(-6)?
8
Suppose 92 + 35 = 3*s - 2*h, -5*s + 205 = -2*h. What is the remainder when s is divided by 21?
18
Suppose -5*w - 5*t + 135 = 0, 5*w - 20 = t + 109. What is the remainder when w is divided by 8?
2
Suppose 8*w - 16*w = -352. What is the remainder when w is divided by 24?
20
Suppose 15 + 0 = 5*x. Suppose -x*r + 37 - 13 = 0. Suppose -i + 4*y = i - 20, 0 = -i + 4*y + 6. What is the remainder when i is divided by r?
6
Suppose -p = -4*p + 309. Suppose -3*a + p = -17. What is the remainder when a is divided by 14?
12
Let o be (2/(-3))/(4/(-78)). Let p = o + 0. Let a = p + -1. Calculate the remainder when 46 is divided by a.
10
Let p = 18 + -18. Suppose 2*q + p = 18. What is the remainder when q is divided by 6?
3
Suppose -5*g + 274 = 2*d + 2*d, 3*d - 3 = 0. Calculate the remainder when g is divided by 19.
16
Let u(o) = o**3 + 7*o**2 + 2*o + 4. What is the remainder when u(-5) is divided by 9?
8
Calculate the remainder when -1 - (-2)/((-8)/(-300)) is divided by 25.
24
Let p(j) = j**3 - 4*j**2 + 3*j - 3. Suppose 0 = 2*a - 20 - 10. Suppose -5*g + a = -2*g. What is the remainder when p(4) is divided by g?
4
Suppose -155 = 4*l - 219. Calculate the remainder when 171 is divided by l.
11
Suppose -57*b + 59*b = 58. Calculate the remainder when 140 is divided by b.
24
Let z = 45 + -30. Suppose c - z + 3 = 0. Calculate the remainder when 33 is divided by c.
9
Suppose -2*c = j + 12 + 25, 2*c - j = -35. Let i = -13 - -20. Let h = i - c. What is the remainder when h is divided by 13?
12
Let q(u) = -u**3 - 10*u**2 + 10*u - 11